.
3859
Calculate the remainder when 16105045 is divided by 1056.
1045
What is the remainder when 377182 is divided by 134?
106
Calculate the remainder when 2825711 is divided by 416.
239
What is the remainder when 154857 is divided by 51612?
21
Calculate the remainder when 6403277 is divided by 19.
11
Calculate the remainder when 321345 is divided by 76.
17
Calculate the remainder when 40709327 is divided by 5882.
5
Calculate the remainder when 128655 is divided by 9396.
6507
What is the remainder when 690164 is divided by 13883?
9897
What is the remainder when 561502 is divided by 315?
172
Calculate the remainder when 245940 is divided by 18573.
4491
What is the remainder when 3571 is divided by 1730?
111
What is the remainder when 13335742 is divided by 136079?
0
Calculate the remainder when 10047687 is divided by 1360.
7
What is the remainder when 6889555 is divided by 984222?
1
What is the remainder when 42882264 is divided by 14?
12
Calculate the remainder when 6669148 is divided by 408.
388
Calculate the remainder when 24536026 is divided by 3538.
3534
What is the remainder when 2564995 is divided by 6?
1
What is the remainder when 32513336 is divided by 30?
26
What is the remainder when 4053683 is divided by 213?
80
What is the remainder when 426505 is divided by 15789?
202
What is the remainder when 12929279 is divided by 384?
383
What is the remainder when 102387 is divided by 13709?
6424
What is the remainder when 48016 is divided by 133?
3
Calculate the remainder when 22465902 is divided by 5565.
5562
What is the remainder when 75205 is divided by 2706?
2143
What is the remainder when 191401 is divided by 95428?
545
Calculate the remainder when 4143928 is divided by 37671.
118
Calculate the remainder when 11213081 is divided by 1555.
1531
Calculate the remainder when 375066 is divided by 24963.
621
What is the remainder when 3480797 is divided by 1522?
1505
Calculate the remainder when 750470565 is divided by 1969.
1967
Calculate the remainder when 102089 is divided by 1895.
1654
Calculate the remainder when 317935 is divided by 2160.
415
What is the remainder when 270129 is divided by 12248?
673
Calculate the remainder when 104534 is divided by 845.
599
Calculate the remainder when 21174282 is divided by 575.
482
Calculate the remainder when 1333618 is divided by 44.
22
What is the remainder when 58617 is divided by 573?
171
What is the remainder when 1234207 is divided by 693?
667
What is the remainder when 862723 is divided by 22121?
4
Calculate the remainder when 449217 is divided by 69.
27
What is the remainder when 208480 is divided by 382?
290
Calculate the remainder when 16371051 is divided by 308.
235
What is the remainder when 47801 is divided by 467?
167
Calculate the remainder when 211222251 is divided by 70407413.
12
What is the remainder when 62670 is divided by 243?
219
Calculate the remainder when 3248731 is divided by 62.
55
Calculate the remainder when 6984488 is divided by 40.
8
Calculate the remainder when 2884163 is divided by 598.
9
What is the remainder when 11199755 is divided by 5482?
29
What is the remainder when 1150832 is divided by 1158?
938
Calculate the remainder when 684658 is divided by 68460.
58
What is the remainder when 2010139 is divided by 7584?
379
What is the remainder when 26485884 is divided by 11990?
11964
What is the remainder when 1004263 is divided by 663?
481
Calculate the remainder when 8559186 is divided by 426.
420
What is the remainder when 59929456 is divided by 303?
298
Calculate the remainder when 6585 is divided by 3144.
297
What is the remainder when 57851440 is divided by 1683?
1681
What is the remainder when 32071006 is divided by 1002?
994
Calculate the remainder when 15094 is divided by 7238.
618
What is the remainder when 1430048 is divided by 1293?
1283
Calculate the remainder when 205673 is divided by 736.
329
What is the remainder when 2095022 is divided by 299263?
181
Calculate the remainder when 39545 is divided by 6561.
179
Calculate the remainder when 4154222 is divided by 160.
142
What is the remainder when 1313614 is divided by 1339?
55
Calculate the remainder when 440398191 is divided by 2152.
2151
Calculate the remainder when 75101 is divided by 67586.
7515
Calculate the remainder when 452675 is divided by 40214.
10321
What is the remainder when 150345 is divided by 4062?
51
What is the remainder when 1359766 is divided by 1359555?
211
What is the remainder when 27269556 is divided by 38?
34
What is the remainder when 106276 is divided by 36?
4
Calculate the remainder when 3890109 is divided by 1478.
13
Calculate the remainder when 11945211 is divided by 1020.
1011
Calculate the remainder when 13241281 is divided by 377.
287
Calculate the remainder when 427695 is divided by 53.
38
What is the remainder when 1558910 is divided by 563?
526
Calculate the remainder when 334581404 is divided by 784.
780
Calculate the remainder when 1362745 is divided by 12977.
160
What is the remainder when 655944 is divided by 4797?
3552
What is the remainder when 3164076 is divided by 1054687?
15
What is the remainder when 51942 is divided by 6744?
4734
Calculate the remainder when 26552940 is divided by 85.
45
What is the remainder when 928014 is divided by 4143?
4125
Calculate the remainder when 2995308 is divided by 4717.
13
What is the remainder when 1935373 is divided by 132?
121
What is the remainder when 178480 is divided by 1103?
897
Calculate the remainder when 32595956 is divided by 16.
4
What is the remainder when 232071 is divided by 890?
671
What is the remainder when 127177 is divided by 127177?
0
Calculate the remainder when 8304871 is divided by 54.
49
What is the remainder when 183433 is divided by 35946?
3703
Calculate the remainder when 1373408 is divided by 369.
359
What is the remainder when 594102 is divided by 4605?
57
What is the remainder when 418517 is divided by 10134?
3023
What is the remainder when 617977 is divided by 205946?
139
Calculate the remainder when 29414363 is divided by 371.
370
Calculate the remainder when 122048957 is divided by 7215.
17
What is the remainder when 228083 is divided by 55?
53
Calculate the remainder when 404072 is divided by 7041.
2735
What is the remainder when 179940 is divided by 8994?
60
What is the remainder when 797953 is divided by 1211?
1115
What is the remainder when 22267896 is divided by 5566973?
4
What is the remainder when 125011 is divided by 62478?
55
What is the remainder when 5159353 is divided by 45?
13
Calculate the remainder when 3821168 is divided by 475.
268
Calculate the remainder when 1356568 is divided by 79789.
155
Calculate the remainder when 30234306 is divided by 21.
18
Calculate the remainder when 6024785 is divided by 31.
28
Calculate the remainder when 12640546 is divided by 2480.
2466
What is the remainder when 150387 is divided by 7103?
1224
Calculate the remainder when 1781016 is divided by 77435.
11
What is the remainder when 1508071 is divided by 45694?
169
Calculate the remainder when 433726 is divided by 191.
156
Calculate the remainder when 107740 is divided by 2019.
733
Calculate the remainder when 6842822 is divided by 35.
7
What is the remainder when 2355327 is divided by 20481?
12
What is the remainder when 803998 is divided by 401833?
332
Calculate the remainder when 3947009 is divided by 15.
14
What is the remainder when 3440786 is divided by 688157?
1
What is the remainder when 6429685 is divided by 14320?
5
Calculate the remainder when 3823173 is divided by 23.
21
Calculate the remainder when 1886875 is divided by 22733.
36
Calculate the remainder when 4602437 is divided by 1533537.
1826
What is the remainder when 224909 is divided by 224817?
92
Calculate the remainder when 4477860 is divided by 741.
738
What is the remainder when 491723 is divided by 354?
17
What is the remainder when 621859 is divided by 380?
179
Calculate the remainder when 383971 is divided by 42611.
472
Calculate the remainder when 4422 is divided by 461.
273
What is the remainder when 192254691 is divided by 102?
93
Calculate the remainder when 3452858 is divided by 383630.
188
What is the remainder when 3412 is divided by 1415?
582
Calculate the remainder when 4076982 is divided by 35763.
0
Calcula